culate s(-4).
-4
Let u(k) = k**2 + 16*k + 33. Determine u(-14).
5
Let r(d) = -7*d + 2. What is r(-1)?
9
Let q(a) = -a**3 - 4*a**2 + 4*a - 4. Calculate q(-5).
1
Let m(b) = b**2 + 2*b - 3. Calculate m(-8).
45
Let y(o) = -2*o**3 + 6*o**2 - 10*o + 1. Calculate y(4).
-71
Let d(k) = -8*k + 28. Determine d(8).
-36
Let l(o) = -2*o + 4. Determine l(11).
-18
Let u(d) = d**2 + 38*d + 211. Give u(-31).
-6
Let o(l) = -l**2 + 2*l - 7. Calculate o(-8).
-87
Let k(w) = w**2 + 15*w + 53. Determine k(-4).
9
Let i(p) = p**2 - 6*p - 1. What is i(7)?
6
Let a(s) = -3*s**2 + 64*s - 10. Calculate a(21).
11
Let y(z) = -8*z - 6. What is y(-5)?
34
Let l(o) = o**2 + 4*o - 3. Give l(-5).
2
Let c(h) = -h**3 + 12*h**2 + 14*h - 7. What is c(13)?
6
Let b(j) = -j**3 + 44*j**2 - 44*j + 77. Determine b(43).
34
Let z(w) = -7*w**2 + 116*w + 53. What is z(17)?
2
Let v(j) = 3*j + 2. Give v(-1).
-1
Let t(u) = -3*u**2 - 5*u - 1. What is t(-1)?
1
Let z(k) = -k**3 - 13*k**2 - 12*k - 5. Determine z(-12).
-5
Let k(g) = -g**3 + 8*g**2 - 4*g - 15. What is k(7)?
6
Let y(x) = 2*x**2 - 8*x + 2. Give y(6).
26
Let c(t) = t**3 - 7*t**2 - 4*t - 11. What is c(8)?
21
Let w(k) = k**3 - 6*k**2 + 7*k - 5. Determine w(4).
-9
Let h(t) = t - 21. What is h(29)?
8
Let y(c) = c**2 - c + 41. Calculate y(0).
41
Let k(h) = -4*h + 1. Calculate k(-2).
9
Let d(t) = 44*t + 1585. Calculate d(-36).
1
Let p(m) = 2*m**2 - 5*m + 11. What is p(5)?
36
Let f(d) = d**3 - 19*d**2 + 16*d + 17. Calculate f(18).
-19
Let g(t) = -t**3 - 61*t**2 + 132*t + 378. What is g(-63)?
0
Let q(i) = -16*i + 155. What is q(9)?
11
Let i(d) = -2*d + 14. Calculate i(-11).
36
Let a(y) = 4*y + 3. What is a(-1)?
-1
Let q(y) = 7*y**3 + 2*y**2 - y - 2. Give q(-1).
-6
Let s(u) = u + 3. What is s(-20)?
-17
Let d(a) = a**3 + 16*a**2 + 16*a + 15. What is d(-15)?
0
Let c(w) = -5*w**3 - 25*w**2 - w. Determine c(-5).
5
Let t(s) = -4*s**2 + 25*s + 14. Give t(7).
-7
Let r(f) = f**3 + 5*f**2 + 9*f + 14. What is r(-4)?
-6
Let t(m) = 12*m**3 - 2*m**2 - 3*m - 1. Give t(-1).
-12
Let o(f) = -f**3 + 4*f**2 + 7*f - 6. What is o(5)?
4
Let f(g) = g - 9. Give f(9).
0
Let p(b) = -36*b + 253. What is p(9)?
-71
Let y(z) = z**3 + 5*z**2 - 14*z - 10. Give y(-7).
-10
Let b(y) = -2*y**2. Calculate b(1).
-2
Let r(q) = -28*q**3 - q**2 + q. What is r(1)?
-28
Let c(u) = -4*u + 207. Calculate c(56).
-17
Let v(c) = -2*c**2 + 48*c + 10. Calculate v(24).
10
Let b(g) = -2*g + 29. Give b(17).
-5
Let p(d) = -d**3 + 9*d**2 - 9*d + 23. Give p(8).
15
Let o(x) = x**3 - 10*x**2 - 11*x. What is o(11)?
0
Let y(l) = 3*l - 15. What is y(5)?
0
Let w(j) = 11*j + 60. What is w(-6)?
-6
Let b(q) = 5*q + 22. Give b(-6).
-8
Let s(n) = 2*n - 13. Give s(13).
13
Let i(z) = 2*z**2 - 21*z + 4. What is i(10)?
-6
Let h(z) = 73*z**3 - z**2 + 1. Give h(1).
73
Let j(d) = -12*d**2 + 4*d + 5. Calculate j(-1).
-11
Let d(h) = h + 10. Determine d(3).
13
Let m(h) = h**2 + 17*h + 26. Determine m(-11).
-40
Let u(r) = 16*r + 159. Give u(-10).
-1
Let x(h) = -9*h**2 - 8*h + 15. Determine x(2).
-37
Let z(o) = 11*o**2 - 2*o + 1. What is z(1)?
10
Let n(k) = -12*k - 632. What is n(-53)?
4
Let g(w) = 3*w**2 + 5*w + 1. Calculate g(-1).
-1
Let j(o) = o**3 + 9*o**2 + 10*o + 8. Determine j(-8).
-8
Let f(u) = -u**3 + 5*u**2 + 12*u + 4. Calculate f(7).
-10
Let t(g) = g**2 - 22*g - 175. Determine t(28).
-7
Let a(x) = -x**3 - 5*x**2 - 3*x + 7. Determine a(-3).
-2
Let m(l) = 16*l - 7. Calculate m(2).
25
Let k(q) = -q**2 + 6*q. Calculate k(6).
0
Let b(w) = -w - 20. Give b(-8).
-12
Let u(v) = -99*v - 1. Calculate u(1).
-100
Let h(w) = 10*w - 219. Give h(21).
-9
Let y(q) = 16*q + 48. Give y(-3).
0
Let t(s) = s**2 - 6. Calculate t(-3).
3
Let r(j) = 2*j**2 - 3*j - 2. Give r(5).
33
Let w(o) = 3*o**2 - 8*o + 5. Give w(5).
40
Let b(z) = -z**3 + 72*z**2 - 139*z - 71. Determine b(70).
-1
Let f(c) = c**2 + 4*c - 7. Calculate f(-6).
5
Let a(q) = q**2 - 4*q + 5. Determine a(6).
17
Let s(p) = 7*p - 2. Calculate s(1).
5
Let k(x) = -x**3 - 6*x**2 - 9*x - 1. What is k(-5)?
19
Let m(t) = -t + 4. Give m(2).
2
Let c(b) = b**3 - 2*b**2 + 7*b - 2. Give c(3).
28
Let m(n) = n**3 - 2*n**2 + n - 2. Give m(3).
10
Let n(z) = -3*z**3 + 3*z - 1. Determine n(2).
-19
Let w(p) = 105*p**2 - 3*p + 2. What is w(1)?
104
Let a(f) = -5*f + 7. What is a(7)?
-28
Let o(l) = -4*l**3 + 5*l**2 + 4*l - 1. Give o(-2).
43
Let y(m) = -m**3 + 16*m**2 + m - 15. Calculate y(16).
1
Let r(i) = i**3 + 5*i**2 + 6*i. Calculate r(-4).
-8
Let i(y) = -8*y - 150. Determine i(-19).
2
Let x(u) = -15*u - 93. What is x(-7)?
12
Let b(u) = 2*u**2 + 49*u + 57. What is b(-23)?
-12
Let u(x) = -x**3 + 5*x**2 - 4*x + 3. Give u(3).
9
Let t(g) = 2*g**3 + 14*g**2 + 6*g + 40. What is t(-7)?
-2
Let n(m) = -8*m**2 - 5*m - 4. Give n(-1).
-7
Let u(l) = 10*l + 437. Calculate u(-43).
7
Let r(x) = x**3 + 6*x**2 - 5*x - 2. Give r(-6).
28
Let v(n) = -n - 4. Calculate v(8).
-12
Let c(b) = -4*b - 5. Calculate c(-3).
7
Let b(y) = y**2 - 4*y + 18. Determine b(8).
50
Let j(i) = -i**3 + 3*i**2 - i - 4. Calculate j(3).
-7
Let q(d) = -d**2 - 24*d - 28. Calculate q(-23).
-5
Let k(v) = v**2 - 8*v + 14. Determine k(10).
34
Let l(a) = -a**3 + 30*a**2 + a - 22. Determine l(30).
8
Let y(m) = -5*m - 87. Give y(-17).
-2
Let s(q) = 9*q - 9. Calculate s(-4).
-45
Let u(x) = -x**2 + 2*x + 6. Give u(-2).
-2
Let j(u) = -3*u**2 - 12*u - 8. Give j(-8).
-104
Let v(n) = 5*n + 84. Calculate v(-15).
9
Let t(x) = 2*x**2 + 4*x - 4. Give t(3).
26
Let t(h) = 2*h**3 - 5*h**2 - 4*h + 8. Determine t(3).
5
Let q(n) = 78*n - 2572. Give q(33).
2
Let q(x) = x**2 + 7*x + 4. Determine q(-7).
4
Let q(v) = v**3 - 7*v**2 + v + 10. Give q(6).
-20
Let g(l) = 2*l**2 - 13*l + 8. What is g(1)?
-3
Let w(y) = 14*y**3 - 3*y**2 - 6*y - 2. Determine w(-2).
-114
Let r(u) = -2*u**2 - 58*u + 14. Give r(-29).
14
Let l(r) = -r**2 - 13*r + 44. Calculate l(-18).
-46
Let y(h) = -h**2 + 4*h + 10. Calculate y(5).
5
Let d(v) = 2*v + 32. Determine d(-15).
2
Let o(b) = -b**2 + 10*b - 9. Determine o(5).
16
Let g(d) = 7*d - 56. What is g(7)?
-7
Let h(p) = 22*p + 345. Calculate h(-15).
15
Let i(l) = -33*l + 70. Determine i(2).
4
Let f(v) = v**3 - 17*v**2 + 29*v + 26. Determine f(14).
-156
Let b(q) = -q**3 - 7*q**2 - 19*q + 6. Calculate b(-4).
34
Let c(r) = -r**3 + 61. Give c(0).
61
Let x(m) = -4*m + 32. Determine x(9).
-4
Let c(p) = 6*p + 192. Give c(-31).
6
Let k(g) = -86*g + 2. Calculate k(1).
-84
Let a(t) = -33*t**3 + 2*t**2 - 3*t + 2. Calculate a(1).
-32
Let p(r) = -11*r - 20. Calculate p(-2).
2
Let x(u) = 2*u**3 + 20*u**2 + 11*u + 6. Determine x(-9).
69
Let w(d) = -d**3 - d**2 + 2*d - 5. Give w(-3).
7
Let z(v) = -v**2 - 252*v - 1242. Give z(-5).
-7
Let s(m) = m**3 + 4*m**2 - 17*m - 27. Calculate s(-6).
3
Let l(b) = -b**2 + 3*b - 4. Calculate l(-3).
-22
Let w(h) = -h**3 + 6*h + 6. Determine w(-3).
15
Let b(n) = -n**3 + 9*n**2 + 7*n + 7. What is b(10)?
-23
Let h(s) = -17*s + 2. Give h(-1).
19
Let b(o) = 3*o**2 + 24*o. Determine b(-7).
-21
Let f(h) = 10*h - 2. Give f(1).
8
Let u(d) = 4*d + 117. What is u(-30)?
-3
Let i(m) = -m**2 + 24*m - 66. Give i(21).
-3
Let k(n) = -7*n + 3. Give k(-1).
10
Let o(u) = -16*u**2 + 6*u - 2. Give o(2).
-54
Let b(a) = -a**2 + 5*a + 15. Determine b(6).
9
Let w(i) = 6*i - 22. What is w(4)?
2
Let o(n) = -n**3 + 17*n**2 - 18*n + 16. Calculate o(16).
-16
Let r(x) = x**2 + 13*x - 51. What is r(-16)?
-3
Let k(p) = -5*p + 16. Determine k(6).
-14
Let c(k) = 6*k**3 + 2*k**2 + 2*k + 2. Determine c(-1).
-4
Let u(v) = -v**2 - 27*v - 159. Calculate u(-19).
-7
Let m(o) = 6*o + 1. What is m(-2)?
-11
Let q(b) = b**2 + 14*b + 6. Calculate q(-13).
-7
Let y(l) = -l**3 - 13*l**2 + 32*l + 32. Determine y(-15).
2
Let u(i) = -7*i + 106. Calculate u(16).
-6
Let o(f) = -7*f**2 + 8*f + 8. What is o(3)?
-31
Let z(x) = x**3 - 8*x**2 - 6*x - 19. What is z(8)?
-67
Let m(s) = -s - 27. Determine m(-8).
-19
Let h(q) = -q**2 - 4. Give h(-3).
-13
Let t(i) = i**2 + 2*i + 3. What is t(-2)?
3
Let v(y) = -8*y + 61. What is v(17)?
-75
Let h(j) = j**3 + 8*j**2 + 9*j + 7. What is h(-7)?
-7
Let v(h) = 12*h + 40. Give v(-3).
4
Let c(m) = m**3 - 9*m**2 - 3*m + 11. Determine c(9).
-16
Let c(d) = -d**3 + 7*d**2 + 8*d + 87. Determine c(9).
-3
Let i(a) = -2*a + 35. Determine i(17).
1
Let f(a) = a**3 - 4*a + 3. Determine f(2).
3
Let b(q) = q**3 + 9*q + 53. Determine b(0).
53
Let d(q) = 2*q - 17. Determi